b - 14 = -34. What is the units digit of 70 - 0 - b/1?
6
Suppose 12*j = -j + 1820. What is the hundreds digit of j?
1
Suppose -n = -8 - 1. Suppose -3*b + n*b - 138 = 0. Let z = b + -9. What is the tens digit of z?
1
Suppose -48*a = -14*a - 47056. What is the hundreds digit of a?
3
Let s(l) = -l**3 + 8*l**2 + 10*l - 1. Let m be s(9). What is the units digit of (-2 - (-52)/m)*1*6?
7
Let d(s) = -7*s**2 + 16*s + 21. Let m(j) = 2*j**2 - 5*j - 7. Let c(i) = -3*d(i) - 8*m(i). What is the hundreds digit of c(6)?
1
Suppose 2740 = 7*j - 2*j. Suppose j = 8*z - 4*z. Let h = z - 91. What is the units digit of h?
6
Suppose -z = 2*z - 162. Suppose -3*q + 5*r + 315 = z, q - 94 = 4*r. What is the tens digit of (-5)/20 + q/8?
1
Suppose 0 = -3*d + 8*d - 4*c - 4928, 2*d - 1960 = -4*c. What is the tens digit of d?
8
Let l = -2659 + 3862. What is the tens digit of l?
0
Let u(v) = v - 7. Let a be u(10). Suppose -4*z + 392 = 4*s, 408 = a*z - 5*s + 74. What is the hundreds digit of z?
1
Suppose 2*u = 4*u - 6. Suppose u*f = -5*a - 0*a + 540, 4*a = 4*f + 400. Suppose -2*z - 5*q = -60 - 11, -5*z = -2*q - a. What is the tens digit of z?
2
Suppose 5*d + 0*d = -10. What is the units digit of -4 + (41*d)/(-2)?
7
Suppose 4*m - 5*m = 19. Let w = m + 99. What is the units digit of w?
0
Let r = -260 + 643. What is the tens digit of r?
8
Suppose 3*h + 2*h = 5. Let a be (h*3)/(7/(-35)). Let m = a + 43. What is the units digit of m?
8
What is the units digit of ((-590)/(-16) - 1/(-8))*1?
7
Let t(r) be the second derivative of r**7/2520 + r**6/240 + r**5/24 - r**4/4 + 10*r. Let d(o) be the third derivative of t(o). What is the tens digit of d(-8)?
4
What is the tens digit of (-1)/(-4)*4*(439 - 7)?
3
Let h(k) = -7*k + 8. Let s be h(11). Let q = s - -155. What is the units digit of q?
6
Let a be 171 + (-1 - 4/2). Suppose c - a = -c. Suppose 0*z - c = -3*z. What is the units digit of z?
8
Let n(z) = -3*z + 14 - 23 - z**3 - z**3 + 23*z**2. What is the units digit of n(11)?
9
Let k = 271 + -51. Let w = k + -48. What is the units digit of w?
2
Let l(g) = g**3 + 7*g**2 - 3*g - 18. Let x be l(-7). Suppose 5*k = b - 91, -5*b - k = -x*k - 409. What is the units digit of b?
1
Suppose 0 = -v + 4*a + 122, a + 223 = 11*v - 9*v. What is the units digit of v?
0
Let n(l) = l**2 + 5*l - 13. Let y be n(-12). Let h be (-8)/48 + y/(-6). Let p = -8 - h. What is the units digit of p?
4
Let a(h) = -36*h - 13. Let s(z) = 22*z + 6. Let n(l) = -3*a(l) - 5*s(l). Let b(i) = -i**3 - 2*i**2 + 4*i - 3. Let c be b(2). What is the tens digit of n(c)?
3
Let a(f) = -f**3 + 13*f**2 + 14*f + 2. Suppose 3*u - 16 + 4 = 0. Suppose -3*y - 44 = -4*l, l - 2*l - u*y = -30. What is the units digit of a(l)?
2
Let g(h) = 116*h**2 + 2*h + 5. What is the tens digit of g(2)?
7
Let x = 460 + -304. Let j = x + -96. What is the tens digit of j?
6
Let w(z) = -z**2 + 9*z - 1. Suppose 0 = 4*u - 2*k + 26, 5*u - u - 5*k = -41. Let c = 4 - u. What is the units digit of w(c)?
7
Let s(a) = -3*a**3 + 8*a + 4. What is the hundreds digit of s(-4)?
1
Let r(z) = -z**3 - 18*z**2 - 19*z - 7. Let n be r(-17). Suppose -n = -3*j + 3. What is the units digit of (54/j)/((-8)/(-120))?
1
Suppose 0 = -s + 5*t, 5*t = -5*s + t + 29. Let g(d) be the first derivative of d**3/3 + 2*d - 7. What is the units digit of g(s)?
7
Suppose -6*a + 38 - 14 = 0. Suppose 0*p = -3*c - 4*p + 406, 8 = -a*p. What is the units digit of c?
8
Suppose 4*x + 4*o - 566 = 2*o, -3*o = x - 129. Suppose -4*j + 24 - x = 0. Let q = 49 + j. What is the tens digit of q?
1
Let i = 53 - 119. Let t be 0 + 2 - (94 - -1). Let k = i - t. What is the units digit of k?
7
Let c = -890 - -2653. What is the tens digit of c?
6
Let w be -2 + (4 - 6) - -434. Suppose w = 6*q + 34. What is the tens digit of q?
6
Let w(h) = -h**2 + 9*h - 9. Let v be w(8). Let j be (v + 0)/((-4)/8). Suppose 3*o - 2*o - l - 14 = 0, -j*o + 26 = -4*l. What is the tens digit of o?
1
Let o = 5471 - 3812. What is the thousands digit of o?
1
Let i(p) = 2*p**3 - 8*p**2 + 16. What is the thousands digit of i(11)?
1
Let r = 4710 + 731. What is the hundreds digit of r?
4
What is the hundreds digit of 3140/1099*(1 - 2754/(-4))?
9
Suppose -4*j + 25 = -3*r, 3*j + 3*r - 18 = 5*r. Suppose 3*z - 16 = -j*t, -2*z = -0*z - 4*t - 24. What is the units digit of z?
8
Suppose 5*c = 4*i - i + 289, -5*i + 305 = 5*c. Let t = 98 + -16. Let h = t - c. What is the tens digit of h?
2
Suppose -2*z + 8 = 2*z, 5*o - 5*z = 950. Suppose l + l = -8, 3*b + 3*l - o = 0. Suppose -3*u = -5*u + b. What is the units digit of u?
4
Let s = 33 + -25. Let f(r) = r**2 + 9*r - 26. What is the units digit of f(s)?
0
Let i be 1 - ((-1 - -1) + -1). Suppose -i*d + 0*d = -10. What is the units digit of d?
5
Let c = -19 - -26. Suppose -c - 8 = -5*h. Suppose -6*u + 168 = -h*u. What is the tens digit of u?
5
Let y = -109 - -111. What is the units digit of (372/(-9))/(y/(-3))?
2
Let x = 3198 - 1658. What is the tens digit of x?
4
Let u = 42 - 42. Suppose u = -5*j + 5*g + 318 + 72, 0 = 5*j + g - 408. What is the units digit of j?
1
Suppose -3*r + 54 = -2*b, 5*b = -4*r + 74 - 2. Let y be (9/r)/((-1)/(-6)). Suppose 2*t + y*u - 41 = -0*t, -3*t + 4*u = -19. What is the tens digit of t?
1
Suppose 258 = -k - k. Let f = -72 - k. What is the units digit of f?
7
Let h(s) = -20*s**3 - 2*s**2 - s + 2. What is the units digit of h(-3)?
7
Suppose -9297 = 7*x - 16*x. What is the tens digit of x?
3
Let z(w) = w**3 - 4*w**2 - 4*w - 2. Suppose b = -0*b + 5. Let j be z(b). Suppose 20 = 4*y + 8, -120 = -j*r - 4*y. What is the units digit of r?
6
Suppose 2*h = -5*y + 4633 - 1702, 3*h - 5*y - 4459 = 0. What is the tens digit of h?
7
Suppose 14*q - 24*q + 7210 = 0. What is the tens digit of q?
2
Let t(c) = c**2 - 5*c + 8. Let r be t(4). What is the tens digit of (-151)/r*(-12)/3?
5
Let m(g) = -73*g. Let l be m(-1). Suppose 395 = 6*b - l. What is the tens digit of b?
7
What is the tens digit of (-1)/((4/(-282)*3)/2)?
4
Suppose -541 = -2*j - 125. What is the tens digit of j?
0
Let b(y) = -18*y**2 + 5*y + 5*y + 17*y**2 + 26 - 2*y. What is the units digit of b(8)?
6
Let n(x) = 2*x - 10 - 10*x + 3 - 1. What is the units digit of n(-7)?
8
Let r = 810 - 455. What is the tens digit of r?
5
Let x be (-3 - 96/(-30)) + 4848/10. Suppose -x = -3*o + 4*f, 3*o = -2*f + 111 + 362. What is the tens digit of o?
5
Suppose 0 = -0*n + 3*n. Suppose n = -6*f + 3*f + 186. Suppose -2*x + f = -0*x. What is the units digit of x?
1
Suppose -5 + 2 = -r. Let x(b) = 4*b**2 + r*b**2 - 6*b**2 + 4*b + 2*b + 9. What is the units digit of x(-7)?
6
Let l be 30/(-12)*66/(-15). What is the units digit of (-1410)/(-110) + 2/l?
3
Suppose -2*z = -2*g - 121 + 43, 2*g = 4*z - 160. Let w = z - -21. What is the tens digit of w?
6
Suppose -4*w + 6 = -22. Suppose 3*k + 128 = w*k + 3*q, -4*q = 0. What is the units digit of k?
2
Let q(r) = -r**3 + 20*r**2 + 32*r + 33. What is the thousands digit of q(15)?
1
Suppose -4 = -3*n + 2*n. Suppose -r = -n*r + 123. What is the tens digit of r?
4
Let h be 0/(-1*3/3). Suppose -m + 7 - 9 = h. What is the units digit of 681/27 + m/9?
5
Let h(c) = 1. Let u(v) be the third derivative of -v**4/24 - 11*v**3/6 + 3*v**2. Let s(y) = -6*h(y) - u(y). What is the units digit of s(-4)?
1
Let z be 14/(-49) - 3341/(-7). Suppose -4*g + z + 283 = 0. What is the hundreds digit of g?
1
Let l(h) = -h**3 + 8*h**2 - 11*h - 3. Let w be l(6). Suppose -2*s - w*s = -350. What is the tens digit of s?
7
Let d(u) = -2*u**3 + 4*u**2 + 32*u - 12. Let r be d(9). What is the hundreds digit of 9/(r/216 + 4)?
3
Let i(l) = -7*l**3 - 7*l**2 + 6*l + 4. What is the tens digit of i(-5)?
7
Suppose -5*f + 8 = 78. Suppose 4*z = d - 20, 57*d - 69 = 54*d + 3*z. Let v = d - f. What is the tens digit of v?
3
Let a = -552 + 852. What is the units digit of a?
0
Let v(u) = -u**3 + 5*u**2 - 5*u + 6. Let r be v(3). Let n be (r + -30)*5/(-1). Suppose -n = -3*w + 18. What is the tens digit of w?
4
Suppose 1753 = v + 2*v - 4*a, 1202 = 2*v + 4*a. What is the tens digit of v?
9
Let i(w) = w**3 + 10*w**2 - w + 6. Let u be i(-7). Suppose 3*a + 2*r = 193, -3*r + 38 = 3*a - u. What is the units digit of a?
1
What is the tens digit of 397/(-3 - 8/(-2))?
9
Suppose -5*p - 3*b + 59 = 0, 2*b = -4*p - 2*b + 52. What is the tens digit of 122*p/(-4)*2/(-10)?
6
Let u(w) = w - 4. L